ine y(l).
0
Let x(n) = -n**3 - 5*n**2 - 4*n + 3. Suppose -3*k - 10 = -1. Let s be (-2)/k + (-20)/(-6). Suppose o + s = -0*o. Give x(o).
3
Let a(x) = 3*x**3 - 5*x**2 + 12*x + 10. Let i(c) = c**3 - 3*c**2 + 6*c + 5. Let z(f) = -2*a(f) + 5*i(f). Calculate z(-6).
5
Let g be (42/(-10) - -3)/((-4)/(-20)). Let v(x) = -x**3 - 7*x**2 - 6*x + 4. Determine v(g).
4
Let u = -3 - -3. Let w(a) = -1 + 2*a + u - a - 2. Determine w(0).
-3
Suppose 3*h + u = 2*u + 1, 3*h - 3*u = 3. Let f(m) = -m + 6. Give f(h).
6
Let l = 113 + -107. Let m(v) = v**3 - 7*v**2 + 3*v + 6. What is m(l)?
-12
Let a(j) = -j. Let u be 2/(-5) + 1428/70. Suppose q + 4*q - u = 0. Determine a(q).
-4
Let a(b) be the second derivative of b**5/60 - b**4/8 - b**3/2 - 7*b**2/2 - 8*b. Let n(w) be the first derivative of a(w). Let z be (-10)/(-3) + 2/3. Give n(z).
1
Let z = -5 - -4. Let i(l) = -l**3 - l + 1. Let a(j) = -4*j**3 + j**2 - j + 1. Let p(q) = -a(q) + i(q). Determine p(z).
-4
Let p(a) be the first derivative of -a**2/2 - 4*a + 12. Calculate p(3).
-7
Let n(h) = 4*h. Let f = 66 + -3. Suppose -4*y - x = f, -2*y - 2*y + 4*x = 48. Let d be 3/5 - (-24)/y. Give n(d).
-4
Let v = -3 - -6. Let f(w) = -4*w - 1 - v*w - 5*w. Suppose -2*a - a - 7 = 4*o, -2*a - 7 = 5*o. Determine f(o).
11
Let q(l) = -2*l**2 + 4*l. Let f be (4 - 5)*10/2. Let h(m) = 2*m**2 + m - 2 + 3*m - m**2. Let j be h(f). Determine q(j).
-6
Let f = 21 - 8. Let t = f - 15. Let y(g) = -g**2 - 1. What is y(t)?
-5
Suppose 3*w = -0*w + 3. Let k(y) = 4 - 6*y - 2*y**2 + 3*y - w - 5. What is k(-2)?
-4
Suppose z = -n + 4, 2*z + z + 5*n = 16. Let p(u) = -3*u + u + 0*u + 1. Give p(z).
-3
Let y(d) = -2*d - 1. Let f(k) = k - 10. Let z be f(6). Give y(z).
7
Let m(v) = 3*v - 3*v - v - 4*v - 1. Suppose 2*s - 6*s + 4 = 0. Let l be (1/(-1))/(-1*s). Give m(l).
-6
Let i(o) = o - 1. Let r(n) = -2. Let y(f) = -2*i(f) + 2*r(f). What is y(2)?
-6
Let n = 44 - 52. Let j(f) = -2*f + 4. Determine j(n).
20
Suppose -6*w + 17 = 53. Let f(k) = -k**2 - 5*k - 6. Calculate f(w).
-12
Let c(j) = j**3 - 4*j**2 - j + 5. Suppose -3*g + 7*d = 2*d + 13, -2*g + 5*d - 17 = 0. Give c(g).
1
Let y be (0 - 2) + 1 + -5. Let m = -9 + 12. Let d(c) = -3 + c**m + 7*c**2 + 2 - 4 - 2 + 4*c. Determine d(y).
5
Suppose 0 = -3*x + 7 + 2. Let z(m) = -5 + 2*m**2 + 2*m + 1 - 4*m**2 + m**3. Determine z(x).
11
Let k(b) = b**3 + 2*b**2 - 2*b + 4. Let c(d) = d**2 - 8*d + 4. Let f be c(7). Let r(q) = -q**2 - 5*q - 4. Let l be r(-4). Let o = l + f. What is k(o)?
1
Let u = -9 + 7. Let p(a) = a + 8. Let q(c) = c + 8. Let k(n) = u*p(n) + 3*q(n). Suppose 3 = l - 2*g, l + g + 0*g + 9 = 0. Determine k(l).
3
Let l = 2 + -2. Suppose y - 4*y + 3 = l, 5*s + 3*y + 17 = 0. Let p(z) be the first derivative of -z**2/2 + z + 1. What is p(s)?
5
Let v = -5 + 9. Let a(m) be the first derivative of -m**4/4 + 4*m**3/3 - m**2/2 + 4*m - 31. Give a(v).
0
Let j(a) = -a**3 + 3*a**2 + 6*a - 2. Let y be j(4). Let t(l) = -l + 6. Give t(y).
0
Let q be (-1)/(-2)*(-20)/2. Let a(t) = -5 - 20*t - 1 + 19*t + 3. Give a(q).
2
Let b(f) = -f**2 - 7*f - 5. Let m(r) = r**2 + 7*r + 5. Let h(a) = -4*b(a) - 3*m(a). Suppose 2*k + 9 = -1. What is h(k)?
-5
Let f(r) = -23*r + 20. Let s(l) be the third derivative of -l**4/3 + 7*l**3/6 - l**2. Let x(h) = 6*f(h) - 17*s(h). Calculate x(2).
-3
Let w(f) = -7 - 2*f**2 + 7. Determine w(-1).
-2
Let u(i) = i**3 + i**2 - 12*i + 7. Let t(g) = -g**3 + 11*g - 7. Let b(q) = -4*t(q) - 3*u(q). Determine b(5).
17
Let d(o) be the first derivative of -o**5/120 + o**4/12 + o**3/3 + 6. Let r(b) be the third derivative of d(b). Let y = -7 + 2. Calculate r(y).
7
Let l(t) = t + 7. Suppose u = 5*u - 16. Let a be u/(-30) + 219/(-45). Give l(a).
2
Let h(x) be the third derivative of -x**5/60 + x**4/4 - 3*x**3/2 - 2*x**2. Calculate h(6).
-9
Let r(w) = -w - 1. Let l be r(-6). Suppose -3*i = n - 3, -i = -5*n - 10 - 7. Suppose i*q + 5*m + l = 1, 5*m = 2*q - 16. Let b(o) = 2*o - 1. Give b(q).
5
Let p(w) = -10*w + 7*w + 5*w - 4 + 1. Determine p(5).
7
Let w(d) = d**2 + 6*d - 9. Let p be w(-7). Let u(b) = -3*b**2 - 4*b + 2 - 5 + 1. What is u(p)?
-6
Let z(y) = -2*y**3 - 2*y**2 - 4*y - 2. Let c(s) = 1. Let t(w) = w + 9. Let i(u) = -2*c(u) - t(u). Let q be i(-9). Give z(q).
14
Let l(t) = 4 + 0*t - 2 - t. Let s(b) = -b**3 + 4*b - 3. Let g be s(2). Let z be 1/((-3)/6) - g. What is l(z)?
1
Let b(s) = 2*s + 1. Let j be (-2 - 1) + -4 + 2. Determine b(j).
-9
Let t(h) be the third derivative of -h**5/12 - h**4/8 + 3*h**3/2 + h**2. Let u(m) = -6*m**2 - 4*m + 10. Let v(z) = 7*t(z) - 6*u(z). What is v(-4)?
7
Let k = 18 - 11. Let g(f) = -f**2 - 6 + 7*f - 6*f + k*f. Calculate g(6).
6
Let q(i) = i - 2. Let n be q(-1). Let z(d) = 2*d - 1. Give z(n).
-7
Let w(s) = -s**2 - 9*s + 14. Let h be w(-10). Let a(n) = -3*n**2 + h*n - 1 + n**2 + n**2. Suppose 20 = 5*j + 5. Determine a(j).
2
Let l be (-1)/(6/(-8))*30/20. Let u = 19 - 11. Let h(d) = -11*d**3 + 6*d - 9. Let s(n) = 7*n**3 - 4*n + 6. Let c(v) = u*s(v) + 5*h(v). Give c(l).
7
Let p(h) = -2*h + 12. Let k be p(5). Let i(v) = -v**3 + 5*v**2 - v - 2. Determine i(k).
8
Let x(n) = 6*n + 6. Let i be x(-4). Let d be ((-24)/i)/((-2)/(-9)). Let l(g) = -g - 1. What is l(d)?
-7
Let g(t) be the third derivative of t**6/20 - 2*t**2. What is g(-1)?
-6
Let l(b) be the third derivative of b**6/120 - b**5/30 - b**4/8 - b**3/3 - 2*b**2. Let y(u) = u + 7. Let x be y(-4). What is l(x)?
-2
Suppose -3*n = -10 + 7. Let s(c) = -4*c. Give s(n).
-4
Let u(d) = 4 - 5*d - 10 + 4*d. Suppose 20 = y - 4*p, -p + 5 = 2*y - 2*p. Calculate u(y).
-6
Let n(h) = 0*h - h**2 + 4*h - h - 4*h - 2. Give n(0).
-2
Let b(m) = -m**2 + 1. Let a(u) = -6*u**2 - 3*u + 11. Let f(n) = a(n) - 5*b(n). Calculate f(-5).
-4
Let a be 1 + -1 + 2/6*-3. Let f(m) = -10*m - 1. What is f(a)?
9
Let q be 3/5 - (-38)/(-5). Let j(w) = -w**3 - 7*w**2 - w - 10. What is j(q)?
-3
Let x(f) = -f**2 + f + 1. Let q(y) = -9*y**2 + 10*y + 8. Let a(j) = -3*q(j) + 21*x(j). Let r(z) = -7*z**2 + 10*z + 4. Let n(p) = 6*a(p) + 5*r(p). What is n(3)?
-1
Let z = -11 + 13. Let g(f) = 3*f**2 + f + 2. Determine g(z).
16
Let i(z) = 0*z + 3 - 5*z + 5*z + 2*z. Suppose -1 - 5 = 3*t. Determine i(t).
-1
Let x be (1/(-2) + 0)*-2. Let c = 1 + 1. Let j(p) = -5*p - 1 - p**3 + 7*p - 2*p**2 + p**c. Calculate j(x).
-1
Let j(g) = -g**3 - g + 2*g + 3 - g - 3*g**2. Let k be (-2)/5 + 78/(-30). Give j(k).
3
Let y(k) = 8*k + 1. Suppose 2*g - 5*r = -2*r + 7, -3*g - 12 = 3*r. What is y(g)?
-7
Let h be 6*((-14)/(-4))/7. Let g(b) = 1 + 4*b**2 + 1 - b**h + 0. Determine g(4).
2
Suppose -13 = -4*o - 3*x, 0*x + 2*x = 4*o - 18. Let y(n) = -3*n**3 - 3*n - 1. Let f(m) = -5*m**3 - 6*m - 1. Let u(r) = o*f(r) - 7*y(r). What is u(2)?
5
Let r = -30 + 36. Let c(w) = w - 5. What is c(r)?
1
Let x(s) = 11*s + 13. Let c(t) be the third derivative of 7*t**4/24 + 3*t**3/2 - 3*t**2. Let j(f) = -8*c(f) + 5*x(f). Calculate j(-6).
-1
Let u(j) = j**2 - 7*j + 4. Let y(r) = r - 1. Let h(o) = u(o) + y(o). Let m(n) = -n**2 - 7*n - 5. Let c be m(-5). What is h(c)?
-2
Let f(b) = 8*b - 2. Let r(y) = 3*y - 1. Let i(c) = -2*f(c) + 5*r(c). Determine i(3).
-4
Let v(m) = -m**2 + 2*m - 1. Let i be v(2). Let g(r) = 2*r + 2. Let b(t) = 6*t + 5. Let n(p) = 3*b(p) - 8*g(p). Calculate n(i).
-3
Let h(t) = 3*t**2 + 9*t - 20. Let f(n) = n**2 + 3*n - 7. Let i(b) = -8*f(b) + 3*h(b). Determine i(-3).
-4
Let z(b) = -3*b**3 - 14*b**2 + 23*b + 20. Let d(p) = -2*p**3 - 9*p**2 + 15*p + 13. Let r(g) = 8*d(g) - 5*z(g). Give r(-3).
-2
Let a = 2 + -3. Let l = 3 - a. Suppose 0 = -3*r + l*z + 1 - 8, -6 = 3*z. Let f(t) = t - 6. What is f(r)?
-11
Suppose 5*g = -t + 54, -3*g - 8*t = -3*t - 50. Let u(j) = -j**3 + 9*j**2 + 11*j - 6. Determine u(g).
4
Suppose w - 2*w + 18 = 4*o, -3*o + 4 = -4*w. Suppose -3*m + 2 = -w*m. Let u(f) = -2*f + 5*f - f**2 - 2*f. Calculate u(m).
-2
Suppose -2*d + 8 = -6*d. Let f(w) = -w - 1. Let b be f(d). Let a(x) = x**2 + 4*x + 3. Let m(v) = v**3 + v**2 + v + 1. Let i(g) = -a(g) + 3*m(g). Give i(b).
4
Let n(w) = w**3 + 5*w**2 + 3*w. Suppose 2*h = -h - 12. Let d = h - 0. Determine n(d).
4
Let a = 0 + 1. Let k(j) be the second derivative of j**3 + 4*j. Let f(m) = -m. Let q(w) = 14*f(w) + 2*k(w). Calculate q(a).
-2
Let n(d) = -d**2 + 8*d - 7. Let y be n(7). Let f(a) = -a - 4. Let m be f(-8). Let u(k) = 3*k - 1 + 2 - 2*k + m. Give u(y).
5
Let q(m) = 